atest common divisor of 454346233 and 122859?
13651
What is the greatest common factor of 4246956 and 3717?
63
Calculate the highest common divisor of 1231 and 81407261.
1231
Calculate the highest common divisor of 871 and 22294183.
67
What is the greatest common factor of 37228216 and 32?
8
Calculate the highest common factor of 155166 and 32142.
66
What is the highest common factor of 1056 and 19427232?
1056
What is the highest common divisor of 31890 and 7170?
30
Calculate the greatest common divisor of 578562 and 4194.
6
Calculate the greatest common divisor of 582107 and 25875.
23
What is the highest common divisor of 10268 and 382033775?
2567
What is the greatest common divisor of 61763037 and 292?
73
What is the greatest common factor of 1012 and 106502?
22
What is the greatest common factor of 212089406 and 326?
326
Calculate the highest common factor of 74040 and 119760.
120
What is the greatest common divisor of 2623881 and 11856?
741
Calculate the greatest common factor of 791201040 and 480.
240
Calculate the greatest common factor of 110336916 and 4734.
1578
What is the greatest common divisor of 101003 and 1279152?
329
What is the highest common divisor of 1517 and 20236780?
1517
Calculate the highest common factor of 2314081 and 33.
11
Calculate the greatest common factor of 12474 and 7978278.
462
What is the highest common divisor of 24218258 and 1371?
457
Calculate the greatest common factor of 52990464 and 6784.
128
What is the greatest common factor of 544 and 3805816?
8
Calculate the highest common factor of 75 and 7222305.
15
What is the greatest common divisor of 906088085 and 3115?
3115
What is the greatest common factor of 3294 and 71950842?
3294
Calculate the highest common factor of 28 and 42779478.
14
What is the greatest common divisor of 30193536 and 282291?
3867
What is the greatest common factor of 1557 and 657227?
173
What is the highest common divisor of 274838936 and 31456?
7864
Calculate the greatest common divisor of 41 and 2048537530.
41
Calculate the greatest common divisor of 1106485 and 74.
37
What is the greatest common divisor of 312 and 5898152?
104
Calculate the highest common factor of 88 and 62265576.
8
What is the greatest common factor of 3435 and 45989841?
687
What is the highest common factor of 247472 and 27856?
16
What is the highest common factor of 30011665 and 336835?
3335
Calculate the greatest common factor of 9675 and 222975.
225
Calculate the greatest common divisor of 3200 and 53098240.
640
What is the highest common divisor of 290496 and 171072?
192
What is the greatest common divisor of 840204 and 2364?
12
What is the greatest common divisor of 3902114 and 2690?
538
What is the highest common factor of 1498 and 1241520?
14
Calculate the greatest common divisor of 3134600 and 9275.
175
What is the highest common factor of 2712223656 and 204?
204
What is the highest common factor of 126824048 and 470?
94
Calculate the highest common divisor of 47004 and 10404.
12
What is the greatest common divisor of 29659 and 7876806?
1561
What is the greatest common factor of 10415166 and 2675?
107
Calculate the greatest common factor of 40931154 and 2178.
2178
What is the highest common divisor of 843744 and 5710782?
3102
Calculate the highest common divisor of 63 and 25130679.
21
Calculate the highest common divisor of 105 and 21155115.
15
Calculate the greatest common divisor of 3764 and 271281831.
941
Calculate the greatest common divisor of 4555001 and 3668.
131
What is the highest common factor of 176107116 and 948?
948
What is the greatest common factor of 8436 and 3269653?
703
What is the highest common divisor of 40251744 and 8?
8
What is the greatest common factor of 119 and 1216665163?
119
Calculate the highest common divisor of 5568 and 666594.
174
Calculate the greatest common divisor of 3120 and 7739550.
390
What is the greatest common factor of 19205 and 7194193?
3841
Calculate the greatest common divisor of 28458 and 1845180.
918
Calculate the highest common divisor of 869591 and 12035.
83
Calculate the highest common divisor of 273088 and 11584.
64
What is the greatest common divisor of 8731305 and 13365?
495
Calculate the greatest common divisor of 5 and 59802445.
5
What is the greatest common divisor of 711 and 3534579?
9
Calculate the highest common divisor of 362416795 and 12155.
1105
What is the highest common factor of 1440 and 52995240?
360
Calculate the highest common factor of 19332747 and 22382.
589
What is the highest common factor of 242897 and 61346?
829
What is the highest common factor of 542 and 1794428126?
542
Calculate the highest common divisor of 387247680 and 3127.
3127
Calculate the greatest common factor of 14423650 and 1700.
850
What is the highest common divisor of 39446 and 77095414?
3586
Calculate the highest common divisor of 12944 and 700528.
16
What is the greatest common factor of 123665348 and 164?
164
Calculate the highest common divisor of 23023 and 12504063.
143
Calculate the greatest common divisor of 1603417337 and 11397.
3799
Calculate the highest common factor of 105975788 and 8.
4
Calculate the highest common factor of 14103 and 24543921.
4701
Calculate the greatest common factor of 58 and 1717960.
58
Calculate the greatest common divisor of 159298740 and 12.
12
Calculate the greatest common divisor of 449376 and 137712.
7248
Calculate the highest common factor of 4302 and 714822.
6
What is the highest common divisor of 2148813 and 261?
261
What is the greatest common divisor of 188889232 and 112?
112
What is the highest common factor of 41804838 and 36?
18
Calculate the greatest common divisor of 312 and 11611756.
52
Calculate the highest common factor of 18 and 11436534.
18
What is the highest common divisor of 2183886775 and 5?
5
Calculate the greatest common divisor of 1932 and 3439604.
644
What is the greatest common divisor of 1654678 and 21366?
2374
What is the highest common factor of 42 and 470771?
7
What is the highest common factor of 50739 and 17277?
39
Calculate the greatest common divisor of 49513180 and 120.
20
What is the greatest common factor of 286 and 17188834?
26
Calculate the highest common divisor of 95 and 108514111.
19
What is the highest common divisor of 815243 and 2717?
143
What is the greatest common factor of 1972713 and 23691?
159
What is the greatest common factor of 144 and 5783382?
18
What is the highest common divisor of 156059 and 34?
1
Calculate the greatest common divisor of 6048 and 449512.
56
What is the greatest common factor of 2329135 and 6757?
29
Calculate the highest common divisor of 16 and 1513238.
2
What is the greatest common factor of 2526064 and 26267652?
17068
What is the highest common factor of 826367 and 247?
19
What is the greatest common factor of 98 and 3183089?
49
Calculate the greatest common divisor of 41 and 2442200301.
41
What is the greatest common divisor of 988 and 13887822?
494
Calculate the greatest common divisor of 1399412 and 6806.
82
What is the greatest common factor of 363 and 538863699?
363
What is the greatest common factor of 15389 and 4313117?
1399
Calculate the greatest common factor of 4088 and 41143676.
2044
Calculate the greatest common factor of 56640 and 59552.
32
Calculate the greatest common divisor of 400 and 4435010.
10
Calculate the highest common divisor of 209907 and 47226546.
2529
Calculate the greatest common factor of 116 and 1372585196.
116
What is the greatest common factor of 51611310 and 68310?
6210
What is the highest common divisor of 191172335 and 3980?
995
What is the greatest common factor of 278273 and 52156?
17
What is the greatest common factor of 71891 and 1695340?
1073
Calculate the greatest common divisor of 108 and 33268.
4
What is the greatest common divisor of 51972 and 3747840?
732
What is the greatest common divisor of 60 and 49381820?
20
What is the greatest common divisor of 15927432 and 7592?
584
What is the highest common divisor of 7661 and 22795?
47
What is the greatest common divisor of 520114 and 207774?
1358
What is the highest common factor of 27943942 and 166?
166
Calculate the greatest common factor of 3202929990 and 1170.
1170
What is the highest common factor of 28399358 and 52?
26
Calculate the highest common di